e prime factors of c.
2, 17, 43
Suppose 0 = -7*i + 3*i - 4*h + 4, 0 = -i + 5*h - 5. Suppose i*v + 4*v - 4*f = 268, v + 5*f - 67 = 0. List the prime factors of v.
67
Let d(y) = y**3 + 14*y**2 + 25*y + 10. Let v be d(-12). Let r(i) = -6*i - 7. Let a be r(v). What are the prime factors of (-22)/((-332)/(-68) - a)?
11, 17
Let u(t) = t + 339. Suppose 0 = -4*h, 3*i - 7*i + h = 0. List the prime factors of u(i).
3, 113
Suppose 30 = 6*y, 5*j + 6*y - 32285 = 2*y. List the prime factors of j.
3, 239
List the prime factors of (-17226)/(-145)*2*30.
2, 3, 11
Let p be 5/(-20) - (-45)/20. Suppose p*s = -15*s. Suppose 5*z + 235 = 3*r, -5*r - 4*z + 441 = -s*z. List the prime factors of r.
5, 17
Let v be (-2)/(-1) - (-1 + 1 + 2). Suppose 15 = -3*p, -5*y - 4*p + 2127 - 752 = v. Suppose y = 3*q - 132. What are the prime factors of q?
137
Suppose -26*w + 25*w = 5*d - 2741, 3*d = -2*w + 5461. What are the prime factors of w?
2, 29, 47
Let f(g) = -724*g**3 - 2*g - 1. Let r be f(-1). Let a = r + -453. Suppose -100 = -4*u + a. What are the prime factors of u?
3, 31
Suppose -3*r = 6*r - 720. Suppose 4*k - r = -6*k. Suppose 2*b = k + 36. What are the prime factors of b?
2, 11
Let s(b) = -b**3 + 8*b**2 - b + 37. Let l be 76/10 - (-4)/10. What are the prime factors of s(l)?
29
Let a(c) = -47*c**3 + 46*c**3 + 2*c - 4 + 3. Let y be a(-2). Suppose -3*v + 160 = -v + y*z, 4*z = 4*v - 280. What are the prime factors of v?
2, 37
Let c(u) = 7*u**3 + 21*u**2 - 23*u - 11. Let q(z) = -2*z**3 + z**2 - 1. Let s(n) = -c(n) - 3*q(n). What are the prime factors of s(-26)?
2, 3
List the prime factors of (84055 + -35)*(-1)/(-4).
5, 4201
Let n(z) = -8*z**3 - 45*z**2 - 10*z + 25. Let d(a) = a**3 + 2*a**2 - a. Let r(s) = -6*d(s) - n(s). What are the prime factors of r(-15)?
2, 5, 41
Suppose 0 = 111*r - 104*r + 35. List the prime factors of r + (2 + 5 - -1190).
2, 149
Let z = -17 + 42. Let x = 46 + z. What are the prime factors of x?
71
Let f(k) = -2*k**2 - 7*k - 8. Suppose 3*i - 6 = 2*x + x, -5*x - i - 22 = 0. Let o be f(x). Let v(c) = c**2 + 4*c - 30. List the prime factors of v(o).
2, 3, 11
Suppose -4*g + 4*d + 756 = 0, -g + 186 = 3*d - 3. Suppose -23*c = -20*c - g. What are the prime factors of c?
3, 7
Let w(q) = 9987*q + 1346. What are the prime factors of w(2)?
2, 5, 13, 41
Suppose 11*a = 3024 + 2586. Let t = 1287 - a. List the prime factors of t.
3, 7, 37
Let v = -22981 - -37732. List the prime factors of v.
3, 11, 149
What are the prime factors of 2/((-3)/(6 - (-140115)/(-10)))?
9337
Suppose -16*f + 15*f = 1. Let t(o) = 481*o**2 - 5*o - 5. List the prime factors of t(f).
13, 37
Let s(a) = a**2 + 20*a - 24. Let j = 280 - 248. List the prime factors of s(j).
2, 5, 41
List the prime factors of -3 + (8228088/(-48))/33*(-1 - 7).
3, 19
Let o = 206 - 207. What are the prime factors of 17 + (5 - o - 1)?
2, 11
Suppose 13*s = -8*s + 378. Let q(o) = 33*o + 97. List the prime factors of q(s).
691
List the prime factors of 5/(-100) - (-3828011)/220.
2, 3, 5, 29
Let l(m) = 503*m - 85. Let d be l(-3). What are the prime factors of (d/4)/((-43)/86)?
797
Suppose 605*w - 602*w - 11895 = 0. List the prime factors of w.
5, 13, 61
Let f(j) = -4*j**3 - 100*j**2 - 994*j - 12. List the prime factors of f(-10).
2, 491
Suppose 8*z - 852 = -276. Suppose -803 = -83*q + z*q. List the prime factors of q.
73
Let p(n) = -n**3 - 8*n**2 - 8*n + 1. Let f be p(-7). Suppose 1070 + 4434 = f*s. What are the prime factors of s?
2, 43
Let t(k) = k**3 - 68*k**2 - 17*k + 345. List the prime factors of t(72).
3, 6619
Suppose -6*y + 10*y = 8. Suppose 5*c + s - 2343 = -3*s, -y*c + 4*s + 954 = 0. List the prime factors of c.
3, 157
Suppose b + 488 = -2*g, -2*b - 981 = -2*g + 5*g. Let u(q) = 11*q - 578. Let h be u(53). List the prime factors of h - (b/6 - -3).
5, 17
Suppose 502 = 5*w - 23. Suppose u = 490 + w. Suppose u = 11*n - 472. What are the prime factors of n?
97
Let p(w) = 284*w**2 + 5*w + 135. What are the prime factors of p(5)?
2, 3, 5, 11
Let w = -32231 - -67500. List the prime factors of w.
13, 2713
Let t = -278 - -383. Suppose 0 = 104*k - t*k + 172. List the prime factors of k.
2, 43
Let j(t) = 9*t**2 + 2*t - 3. Let q be j(1). List the prime factors of (-130 - -9)*q/(-1).
2, 11
Suppose -13*l + 11*l - 3*y - 5 = 0, -4*l - 5*y = 15. Let m(j) = 3*j**2 - 16*j - 20. What are the prime factors of m(l)?
2, 5, 11
Let l be 2/6 + 5/(-3)*2. Let q(k) = 32*k**2 - 10*k - 14. What are the prime factors of q(l)?
2, 19
Let y(l) = l + 1. Let p(k) = 8*k - 52. Let v(d) = p(d) - 4*y(d). Let u be v(17). Let j(i) = i**3 - 13*i**2 + 15*i + 1. List the prime factors of j(u).
37
Suppose 29*w - 74152 = 78562. List the prime factors of w.
2, 2633
Let c = 65253 + -42613. List the prime factors of c.
2, 5, 283
Let w = 86 + -130. What are the prime factors of (-2893)/(-15) + w/(-330)?
193
Let b = 9628 - 8064. List the prime factors of b.
2, 17, 23
Let l(c) be the third derivative of c**5/10 - 7*c**4/24 + c**3/6 + 4*c**2 + c. Suppose 5*q + 2*q = 35. What are the prime factors of l(q)?
2, 29
Let k = 594 - 552. List the prime factors of 3/(-21) + 10464/k.
3, 83
Suppose -4*m = -m - 195. Let n = 68 - m. List the prime factors of 6/(-39) - (n - 342/26).
2, 5
Let i = 31353 - 14942. List the prime factors of i.
16411
Suppose 27*h + 30 = 22*h, -5*c + 4*h + 28354 = 0. What are the prime factors of c?
2, 2833
Suppose 4440 = 4*s - 3*p, -2*p + 1121 = -4*s + 5*s. Suppose 2*o - s = 2*g + 3*g, 4*g = -4*o + 2184. What are the prime factors of o?
3, 61
Let c(i) = -i - 12 - 17 + 5 - 6*i. List the prime factors of c(-33).
3, 23
Let x(a) = a**2 - 7*a - 16. Let j be x(9). Suppose 42 - 13 = 3*c - j*k, 2 = k. Let w(p) = -p + 25. What are the prime factors of w(c)?
2, 7
Let k = -2751 + 3861. What are the prime factors of k?
2, 3, 5, 37
Suppose 1369085 = 130*m - 2303935. List the prime factors of m.
2, 3, 17, 277
What are the prime factors of ((-179)/(-2) + 2)/(((-31)/16)/(-31))?
2, 3, 61
Let x = 8185 + -1252. What are the prime factors of x?
3, 2311
Let v(u) = -6*u - 21. Suppose 3*i - 9 = -3*t, 0 = 5*i - 3*t + 2*t - 15. Suppose -5*a = -a - 20, -i*j - 43 = -5*a. What are the prime factors of v(j)?
3, 5
Let p be -4 + (-174)/((-54)/9). Suppose -15*m - 13660 = -p*m. List the prime factors of m.
2, 683
Let n(l) = 3*l**2 + 16*l + 537. What are the prime factors of n(87)?
2, 3, 2053
Let j be (3 + -8)*3/(-5). Suppose 4*v = j*g + 628, 632 = 4*v - 0*v - 4*g. What are the prime factors of v?
2, 7, 11
Let f be ((-4)/(-3))/(10/15). Suppose -g = -3*t + 1, -4 = 4*t - 2*g - f. List the prime factors of -1 - (4*(-45 + 4) + t).
7, 23
What are the prime factors of (-1599750)/(-648)*(-4)/(-1)?
5, 79
Let o(a) = -81*a - 2. Let p be o(-6). Suppose 59*u = 79743 + 72536. Suppose -p = 9*d - u. What are the prime factors of d?
233
Let x(z) = 6*z + 43. Let t be x(-7). Let h be 3*3 + t/((-7)/21). What are the prime factors of (-2 - (-284)/h)*3?
2, 17
Let h(i) = 6*i + 223. Let w be h(-38). What are the prime factors of (w - (-826)/(-21))*-3?
7, 19
Suppose 2*r + 6 = 0, 0 = 3*p + 5*r - 9*r - 21. Let c(v) = 127*v**2 - v + 6. What are the prime factors of c(p)?
2, 3, 191
Suppose -8*w = -w - 92750 - 108927. What are the prime factors of w?
47, 613
Suppose -18446 = -12*d - 3*d - 2396. What are the prime factors of d?
2, 5, 107
Let y = -12632 + 20628. What are the prime factors of y?
2, 1999
What are the prime factors of (55/10 - 5)/(25/960350)?
19207
Suppose 5*q = -a + 44561, 3*q + 17686 = -2*a + 44417. List the prime factors of q.
3, 2971
Let w = 67402 + -46475. What are the prime factors of w?
17, 1231
Let o(p) = -161 + 9 - 54 - 58*p - 14. List the prime factors of o(-17).
2, 383
Suppose 113*j - 144766 - 1228749 = 0. What are the prime factors of j?
5, 11, 13, 17
Let o = -3505 - -5017. Suppose -o = -3*f + 63. Suppose -3*h + 93 = -f. What are the prime factors of h?
2, 103
Let n(w) = -351*w**3 - 3*w - 6*w**3 + 2 + w**2 - 4*w - 10. List the prime factors of n(-1).
3, 7, 17
Let v = 11160 - -3622. What are the prime factors of v?
2, 19, 389
Suppose 6*j - 5*a - 2450 = 3*j, -a = -j + 814. Suppose -199*d + j = -194*d. What are the prime factors of d?
2, 3
Let q(k) = k**3 - 68*k**2 - 26*k - 922. What are the prime factors of q(71)?
5, 7, 353
Let b(w) = w**3 - 12*w**2 - 35*w + 45. Suppose -71 = -21*g + 265. List t